ltiple of 34?
True
Is 166 a multiple of 3?
False
Is 4 a factor of 14112?
True
Is 2080 a multiple of 8?
True
Is 48 a factor of 19632?
True
Does 39 divide 7508?
False
Does 35 divide 23415?
True
Is 16862 a multiple of 33?
False
Is 7 a factor of 95?
False
Is 10792 a multiple of 38?
True
Does 12 divide 8803?
False
Does 32 divide 28322?
False
Is 1590 a multiple of 5?
True
Is 2 a factor of 4094?
True
Is 16 a factor of 4168?
False
Does 36 divide 850?
False
Is 1899 a multiple of 2?
False
Does 26 divide 98937?
False
Does 7 divide 524?
False
Is 3299 a multiple of 50?
False
Is 57222 a multiple of 9?
True
Does 15 divide 470?
False
Is 204 a multiple of 17?
True
Is 19 a factor of 588?
False
Is 1539 a multiple of 124?
False
Is 28507 a multiple of 246?
False
Is 5004 a multiple of 3?
True
Is 189 a factor of 9639?
True
Is 290 a factor of 55449?
False
Is 88544 a multiple of 105?
False
Does 166 divide 59356?
False
Does 10 divide 1300?
True
Does 38 divide 1915?
False
Is 177 a multiple of 9?
False
Is 97 a factor of 18172?
False
Is 25900 a multiple of 175?
True
Does 22 divide 924?
True
Is 3113 a multiple of 11?
True
Is 226 a factor of 11978?
True
Is 31 a multiple of 2?
False
Does 49 divide 3626?
True
Is 103117 a multiple of 403?
False
Is 3432 a multiple of 4?
True
Is 1827 a multiple of 55?
False
Is 721 a multiple of 5?
False
Is 7772 a multiple of 67?
True
Is 1225 a multiple of 7?
True
Does 152 divide 19152?
True
Is 4 a factor of 68?
True
Is 2739 a multiple of 17?
False
Is 1400 a multiple of 8?
True
Does 11 divide 1667?
False
Is 30 a factor of 24397?
False
Does 4 divide 274?
False
Is 224 a multiple of 8?
True
Is 73 a factor of 13375?
False
Does 13 divide 1818?
False
Does 59 divide 1888?
True
Is 1980 a multiple of 10?
True
Does 16 divide 5984?
True
Does 19 divide 26239?
True
Does 85 divide 170?
True
Does 34 divide 9894?
True
Is 52 a factor of 520?
True
Does 20 divide 422?
False
Is 1404 a multiple of 26?
True
Is 50 a factor of 700?
True
Is 11 a factor of 43636?
False
Is 4 a factor of 368?
True
Is 68 a factor of 3418?
False
Is 89 a factor of 38179?
False
Is 65 a factor of 4997?
False
Does 28 divide 635?
False
Is 41 a factor of 1058?
False
Does 22 divide 3916?
True
Does 2 divide 1771?
False
Does 38 divide 3800?
True
Does 13 divide 1157?
True
Does 5 divide 100?
True
Is 327 a factor of 38987?
False
Is 18 a factor of 680?
False
Is 40 a factor of 60027?
False
Is 300 a multiple of 50?
True
Is 33 a factor of 4807?
False
Is 6 a factor of 10182?
True
Is 20 a factor of 360?
True
Is 20 a factor of 7456?
False
Is 42 a factor of 3672?
False
Does 9 divide 49?
False
Does 28 divide 448?
True
Is 13 a factor of 16308?
False
Does 43 divide 1247?
True
Is 47 a factor of 1796?
False
Is 14 a factor of 609?
False
Does 4 divide 205?
False
Is 18 a factor of 247?
False
Is 8189 a multiple of 19?
True
Does 24 divide 46584?
True
Is 507 a multiple of 9?
False
Does 12 divide 22520?
False
Is 8 a factor of 8040?
True
Is 48395 a multiple of 36?
False
Is 5775 a multiple of 25?
True
Is 62 a factor of 4520?
False
Is 47 a factor of 3008?
True
Is 4836 a multiple of 156?
True
Is 10959 a multiple of 39?
True
Is 164 a multiple of 13?
False
Does 10 divide 2630?
True
Does 14 divide 847?
False
Does 44 divide 7832?
True
Does 12 divide 167968?
False
Is 333 a multiple of 9?
True
Is 2600 a multiple of 65?
True
Does 31 divide 428?
False
Is 2 a factor of 233?
False
Does 20 divide 1900?
True
Is 129 a factor of 1115?
False
Is 209 a multiple of 18?
False
Is 13 a factor of 1027?
True
Is 9 a factor of 225?
True
Is 14369 a multiple of 107?
False
Does 78 divide 1170?
True
Does 139 divide 29885?
True
Is 14 a factor of 4570?
False
Is 19 a factor of 1193?
False
Is 12 a factor of 5623?
False
Does 11 divide 11?
True
Is 24 a factor of 720?
True
Is 15 a factor of 4837?
False
Is 255 a multiple of 2?
False
Is 6 a factor of 6731?
False
Is 34925 a multiple of 5?
True
Does 90 divide 47790?
True
Is 33 a factor of 4518?
False
Is 73332 a multiple of 252?
True
Is 433 even?
False
Is 12447 a multiple of 5?
False
Does 37 divide 518?
True
Does 8 divide 2984?
True
Is 3 a factor of 28?
False
Is 18 a factor of 396?
True
Does 24 divide 285?
False
Is 24 a factor of 34542?
False
Is 11180 a multiple of 86?
True
Does 24 divide 268?
False
Does 23 divide 1219?
True
Is 186 even?
True
Is 28 a factor of 3668?
True
Does 6 divide 15414?
True
Does 6 divide 51408?
True
Does 30 divide 611?
False
Is 15 a factor of 476?
False
Does 21 divide 526?
False
Is 140 a factor of 900?
False
Does 27 divide 3897?
False
Is 37023 a multiple of 7?
True
Is 74 a factor of 48259?
False
Is 27 a factor of 27?
True
Does 19 divide 363?
False
Is 708 a multiple of 118?
True
Is 27 a factor of 707?
False
Is 130728 a multiple of 312?
True
Is 209 a factor of 12749?
True
Is 29 a factor of 2523?
True
Is 28 a factor of 840?
True
Is 12545 a multiple of 13?
True
Is 1313 a multiple of 2?
False
Is 8 a factor of 40536?
True
Is 309 a multiple of 11?
False
Does 105 divide 127890?
True
Is 6144 a multiple of 24?
True
Is 304 a multiple of 16?
True
Is 3 a factor of 1369?
False
Is 26141 a multiple of 184?
False
Is 1392 a multiple of 48?
True
Is 2 a factor of 471?
False
Does 23 divide 1325?
False
Does 58 divide 3394?
False
Is 577 a multiple of 11?
False
Does 6 divide 54?
True
Is 31119 a multiple of 69?
True
Does 3 divide 22974?
True
Is 17 a factor of 33388?
True
Does 23 divide 18089?
False
Does 7 divide 931?
True
Is 91 a multiple of 2?
False
Does 4 divide 856?
True
Does 50 divide 500?
True
Is 271 even?
False
Is 29280 a multiple of 120?
True
Is 57 a factor of 1083?
True
Is 282 a factor of 12408?
True
Is 6 a factor of 4272?
True
Does 9 divide 1062?
True
Does 34 divide 220?
False
Does 16 divide 299?
False
Is 539 a multiple of 12?
False
Is 2444 even?
True
Is 53 a factor of 1166?
True
Does 6 divide 4932?
True
Does 7 divide 2917?
False
Is 3189 a multiple of 105?
False
Is 9 a factor of 10812?
False
Does 44 divide 18937?
False
Is 130 a factor of 537?
False
Is 407 a multiple of 28?
False
Is 858 a multiple of 14?
False
Is 55968 a multiple of 176?
True
Is 40 a factor of 1560?
True
Does 51 divide 7808?
False
Is 32 a factor of 960?
True
Is 94 a factor of 37609?
False
Is 9321 a multiple of 4?
False
Is 1463 a multiple of 77?
True
Is 4 a factor of 346?
False
Is 20 a factor of 18955?
False
Is 6 a factor of 2040?
True
Is 640 a multiple of 4?
True
Is 41 a factor of 10660?
True
Does 6 divide 296?
False
Is 17 a factor of 29?
False
Is 2352 a multiple of 49?
True
Is 8125 a multiple of 7?
False
Is 23 a factor of 342?
False
Is 10051 a multiple of 43?
False
Does 17 divide 1692?
False
Does 40 divide 32385?
False
Is 41 a factor of 921?
False
Is 546 a multiple of 6?
True
Does 15 divide 2400?
True
Is 924 a multiple of 28?
True
Does 22 divide 3234?
True
Does 26 divide 663?
False
Is 34 a factor of 71?
False
Is 11 a factor of 176?
True
Is 2580 a multiple of 12?
True
Is 153 a multiple of 5?
False
Is 11 a factor of 4279?
True
Is 29 a factor of 4089?
True
Does 2 divide 207?
False
Is 608 a multiple of 38?
True
Is 8550 a multiple of 9?
True
Is 7587 a multiple of 18?
False
Does 72 divide 1245?
False
Does 18 divide 10692?
True
Is 1430 a multiple of 65?
True
Does 14 divide 24411?
False
Does 46 divide 12972?
True
Is 3 a factor of 223?
False
Does 25 divide 798?
False
Is 62540 a multiple of 212?
True
Does 27 divide 4026?
False
Is 11 a factor of 1804?
True
Does 10 divide 55050?
True
Is 2 a factor of 1476?
True
Is 840 a multiple of 105?
True
Is 13858 a multiple of 82?
True
Does 60 divide 65460?
True
Is 364 even?
True
Does 10 divide 1110?
True
Is 1545 a multiple of 10?
False
Does 26 divide 390?
True
Is 6 a factor of 324?
True
Does 4 divide 16?
True
Does 80 divide 4738?
False
Does 6 divide 27064?
False
Does 5 divide 1985?
True
Is 13 a factor of 465?
False
Does 64 divide 43346?
False
Is 572 a multiple of 13?
True
Does 103 divide 2060?
True
Is 16744 a multiple of 30?
False
Is 61 a factor of 6866?
False
Does 5 divide 49?
False
Is 4857 a multiple of 37?
False
Is 800 a multiple of 15?
False
Is 783 a multiple of 9?
True
Does 57 divide 1596?
True
Does 93 divide 2511?
True
Does 5 divide 210?
True
Does 51 divide 612?
True
Is 12269 a multiple of 16?
False
Does 24 divide 744?
True
Does 56 divide 56168?
True
Does 71 divide 22507?
True
Is 3 a factor of 208?
False
Do